{"id":353,"date":"2020-01-13T10:32:17","date_gmt":"2020-01-13T09:32:17","guid":{"rendered":"http:\/\/poradnialeczna.pl\/?page_id=353"},"modified":"2023-09-20T11:29:24","modified_gmt":"2023-09-20T09:29:24","slug":"rodzice","status":"publish","type":"page","link":"https:\/\/poradnialeczna.pl\/index.php\/rodzice\/","title":{"rendered":"Rodzice"},"content":{"rendered":"\n<ul class=\"wp-block-list\"><li><strong>porady<\/strong><\/li><li><strong>konsultacje<\/strong><\/li><li><strong>wyk\u0142ady i prelekcje<\/strong><\/li><li><strong>warsztaty<\/strong><\/li><li><strong>terapia rodzin<\/strong><\/li><li><strong>mediacje i interwencja kryzysowa<\/strong><\/li><li><strong>dzia\u0142alno\u015b\u0107 informacyjno-szkoleniowa<\/strong><\/li><\/ul>\n\n\n\n<h2 class=\"wp-block-heading\">\u0106wiczenia &#8211; do pobrania<\/h2>\n\n\n\n<div class=\"wp-block-file\"><a href=\"https:\/\/poradnialeczna.pl\/wp-content\/uploads\/2020\/03\/\u0106wiczenia-logopedyczne.pdf\">\u0106wiczenia-logopedyczne<\/a><a href=\"https:\/\/poradnialeczna.pl\/wp-content\/uploads\/2020\/03\/\u0106wiczenia-logopedyczne.pdf\" class=\"wp-block-file__button\" download>Pobierz<\/a><\/div>\n\n\n\n<div class=\"wp-block-file\"><a href=\"https:\/\/poradnialeczna.pl\/wp-content\/uploads\/2020\/03\/\u0106wiczenia-percepcji-s\u0142uchowej.pdf\">\u0106wiczenia-percepcji-s\u0142uchowej<\/a><a href=\"https:\/\/poradnialeczna.pl\/wp-content\/uploads\/2020\/03\/\u0106wiczenia-percepcji-s\u0142uchowej.pdf\" class=\"wp-block-file__button\" download>Pobierz<\/a><\/div>\n\n\n\n<div class=\"wp-block-file\"><a href=\"https:\/\/poradnialeczna.pl\/wp-content\/uploads\/2020\/03\/\u0106wiczenia-percepcji-wzrokowej-i-orientacji-przestrzennej.pdf\">\u0106wiczenia-percepcji-wzrokowej-i-orientacji-przestrzennej<\/a><a href=\"https:\/\/poradnialeczna.pl\/wp-content\/uploads\/2020\/03\/\u0106wiczenia-percepcji-wzrokowej-i-orientacji-przestrzennej.pdf\" class=\"wp-block-file__button\" download>Pobierz<\/a><\/div>\n\n\n\n<div class=\"wp-block-file\"><a href=\"https:\/\/poradnialeczna.pl\/wp-content\/uploads\/2020\/03\/\u0106wiczenia-rozumienia-czytanego-tekstu.pdf\">\u0106wiczenia-rozumienia-czytanego-tekstu<\/a><a href=\"https:\/\/poradnialeczna.pl\/wp-content\/uploads\/2020\/03\/\u0106wiczenia-rozumienia-czytanego-tekstu.pdf\" class=\"wp-block-file__button\" download>Pobierz<\/a><\/div>\n\n\n\n<div class=\"wp-block-file\"><a href=\"https:\/\/poradnialeczna.pl\/wp-content\/uploads\/2020\/03\/\u0106wiczenia-utrwalaj\u0105ce-znajomo\u015b\u0107-liter.pdf\">\u0106wiczenia-utrwalaj\u0105ce-znajomo\u015b\u0107-liter<\/a><a href=\"https:\/\/poradnialeczna.pl\/wp-content\/uploads\/2020\/03\/\u0106wiczenia-utrwalaj\u0105ce-znajomo\u015b\u0107-liter.pdf\" class=\"wp-block-file__button\" download>Pobierz<\/a><\/div>\n\n\n\n<div class=\"wp-block-file\"><a href=\"https:\/\/poradnialeczna.pl\/wp-content\/uploads\/2020\/03\/Rozw\u00f3j-mowy-jest-procesem.pdf\">Rozw\u00f3j-mowy-jest-procesem<\/a><a href=\"https:\/\/poradnialeczna.pl\/wp-content\/uploads\/2020\/03\/Rozw\u00f3j-mowy-jest-procesem.pdf\" class=\"wp-block-file__button\" download>Pobierz<\/a><\/div>\n\n\n\n<div class=\"wp-block-file\"><a href=\"https:\/\/poradnialeczna.pl\/wp-content\/uploads\/2020\/04\/Wyrazy-wielosylabowe-z-sylab-otwartych-do-wydruku.pdf\">Wyrazy-wielosylabowe-z-sylab-otwartych-do-wydruku<\/a><a href=\"https:\/\/poradnialeczna.pl\/wp-content\/uploads\/2020\/04\/Wyrazy-wielosylabowe-z-sylab-otwartych-do-wydruku.pdf\" class=\"wp-block-file__button\" download>Pobierz<\/a><\/div>\n\n\n\n<div class=\"wp-block-file\"><a href=\"https:\/\/poradnialeczna.pl\/wp-content\/uploads\/2020\/04\/Wyrazy-sylaba-zamkni\u0119ta-sylaba-otwarta-do-wydruku.pdf\">Wyrazy-sylaba-zamkni\u0119ta-sylaba-otwarta-do-wydruku<\/a><a href=\"https:\/\/poradnialeczna.pl\/wp-content\/uploads\/2020\/04\/Wyrazy-sylaba-zamkni\u0119ta-sylaba-otwarta-do-wydruku.pdf\" class=\"wp-block-file__button\" download>Pobierz<\/a><\/div>\n\n\n\n<div class=\"wp-block-file\"><a href=\"https:\/\/poradnialeczna.pl\/wp-content\/uploads\/2020\/04\/Czy-ogl\u0105danie-telewizji-prowadzi-do-przemocy.pdf\">Czy-ogl\u0105danie-telewizji-prowadzi-do-przemocy<\/a><a href=\"https:\/\/poradnialeczna.pl\/wp-content\/uploads\/2020\/04\/Czy-ogl\u0105danie-telewizji-prowadzi-do-przemocy.pdf\" class=\"wp-block-file__button\" download>Pobierz<\/a><\/div>\n\n\n\n<div class=\"wp-block-file\"><a href=\"https:\/\/poradnialeczna.pl\/wp-content\/uploads\/2020\/04\/jak-pom\u00f3c-dziecku-radzi\u0107-sobie_ze_z\u0142o\u015bci\u0105.pdf\">jak-pom\u00f3c-dziecku-radzi\u0107-sobie_ze_z\u0142o\u015bci\u0105<\/a><a href=\"https:\/\/poradnialeczna.pl\/wp-content\/uploads\/2020\/04\/jak-pom\u00f3c-dziecku-radzi\u0107-sobie_ze_z\u0142o\u015bci\u0105.pdf\" class=\"wp-block-file__button\" download>Pobierz<\/a><\/div>\n\n\n\n<div class=\"wp-block-file\"><a href=\"https:\/\/poradnialeczna.pl\/wp-content\/uploads\/2020\/04\/Przyczyny-niepowodze\u0144-szkolnych-oraz-elementy-pracy-z-dzieckiem-maj\u0105cym-trudno\u015bci-w-nauce.pdf\">Przyczyny-niepowodze\u0144-szkolnych-oraz-elementy-pracy-z-dzieckiem-maj\u0105cym-trudno\u015bci-w-nauce<\/a><a href=\"https:\/\/poradnialeczna.pl\/wp-content\/uploads\/2020\/04\/Przyczyny-niepowodze\u0144-szkolnych-oraz-elementy-pracy-z-dzieckiem-maj\u0105cym-trudno\u015bci-w-nauce.pdf\" class=\"wp-block-file__button\" download>Pobierz<\/a><\/div>\n\n\n\n<p><a href=\"https:\/\/poradnialeczna.pl\/wp-content\/uploads\/2020\/04\/Percepcja-s\u0142uchowa-karty-pracy.zip\">Percepcja s\u0142uchowa karty pracy &#8211; Pobierz<\/a><\/p>\n\n\n\n<p><a href=\"https:\/\/poradnialeczna.pl\/wp-content\/uploads\/2020\/04\/Ortografia-karty-pracy.zip\">Ortografia-karty-pracy.zip-Pobierz<\/a><\/p>\n\n\n\n<div class=\"wp-block-file\"><a href=\"https:\/\/poradnialeczna.pl\/wp-content\/uploads\/2020\/04\/\u0106WICZENIA-WSPOMAGAJ\u0104CE-INTEGRACJ\u0118-SENSORYCZN\u0104-1-1.pptx\">\u0106WICZENIA-WSPOMAGAJ\u0104CE-INTEGRACJ\u0118-SENSORYCZN\u0104-1-1<\/a><a href=\"https:\/\/poradnialeczna.pl\/wp-content\/uploads\/2020\/04\/\u0106WICZENIA-WSPOMAGAJ\u0104CE-INTEGRACJ\u0118-SENSORYCZN\u0104-1-1.pptx\" class=\"wp-block-file__button\" download>Pobierz<\/a><\/div>\n\n\n\n<div class=\"wp-block-file\"><a href=\"https:\/\/poradnialeczna.pl\/wp-content\/uploads\/2020\/04\/\u0106wiczenie-funkcji-percepcyjno-\u2013-motorycznych-zaanga\u017cowanych-w-proces-nabywania-umiej\u0119tno\u015bci-czytania-i-pisania-1.pdf\">\u0106wiczenie-funkcji-percepcyjno-\u2013-motorycznych-zaanga\u017cowanych-w-proces-nabywania-umiej\u0119tno\u015bci-czytania-i-pisania-1<\/a><a href=\"https:\/\/poradnialeczna.pl\/wp-content\/uploads\/2020\/04\/\u0106wiczenie-funkcji-percepcyjno-\u2013-motorycznych-zaanga\u017cowanych-w-proces-nabywania-umiej\u0119tno\u015bci-czytania-i-pisania-1.pdf\" class=\"wp-block-file__button\" download>Pobierz<\/a><\/div>\n\n\n\n<div class=\"wp-block-file\"><a href=\"https:\/\/poradnialeczna.pl\/wp-content\/uploads\/2020\/04\/Oswoi\u0107-strach-1.pdf\">Oswoi\u0107-strach-1<\/a><a href=\"https:\/\/poradnialeczna.pl\/wp-content\/uploads\/2020\/04\/Oswoi\u0107-strach-1.pdf\" class=\"wp-block-file__button\" download>Pobierz<\/a><\/div>\n\n\n\n<div class=\"wp-block-file\"><a href=\"https:\/\/poradnialeczna.pl\/wp-content\/uploads\/2020\/04\/poradnik-dla-rodzic\u00f3w-i-nauczycieli-1.pdf\">poradnik-dla-rodzic\u00f3w-i-nauczycieli-1<\/a><a href=\"https:\/\/poradnialeczna.pl\/wp-content\/uploads\/2020\/04\/poradnik-dla-rodzic\u00f3w-i-nauczycieli-1.pdf\" class=\"wp-block-file__button\" download>Pobierz<\/a><\/div>\n\n\n\n<div class=\"wp-block-file\"><a href=\"https:\/\/poradnialeczna.pl\/wp-content\/uploads\/2020\/04\/Promocja-zdrowego-stylu-zycia-1.pdf\">Promocja-zdrowego-stylu-zycia-1<\/a><a href=\"https:\/\/poradnialeczna.pl\/wp-content\/uploads\/2020\/04\/Promocja-zdrowego-stylu-zycia-1.pdf\" class=\"wp-block-file__button\" download>Pobierz<\/a><\/div>\n\n\n\n<div class=\"wp-block-file\"><a href=\"https:\/\/poradnialeczna.pl\/wp-content\/uploads\/2020\/04\/Terapia-r\u0119ki-1.pdf\">Terapia-r\u0119ki-1<\/a><a href=\"https:\/\/poradnialeczna.pl\/wp-content\/uploads\/2020\/04\/Terapia-r\u0119ki-1.pdf\" class=\"wp-block-file__button\" download>Pobierz<\/a><\/div>\n\n\n\n<div class=\"wp-block-file\"><a href=\"https:\/\/poradnialeczna.pl\/wp-content\/uploads\/2020\/04\/Wyrazy-wielosylabowe-zawieraj\u0105ce-zar\u00f3wno-sylaby-otwarte-jak-i-zamkni\u0119te-1.pdf\">Wyrazy-wielosylabowe-zawieraj\u0105ce-zar\u00f3wno-sylaby-otwarte-jak-i-zamkni\u0119te-1<\/a><a href=\"https:\/\/poradnialeczna.pl\/wp-content\/uploads\/2020\/04\/Wyrazy-wielosylabowe-zawieraj\u0105ce-zar\u00f3wno-sylaby-otwarte-jak-i-zamkni\u0119te-1.pdf\" class=\"wp-block-file__button\" download>Pobierz<\/a><\/div>\n\n\n\n<p><a href=\"https:\/\/poradnialeczna.pl\/wp-content\/uploads\/2020\/04\/Percepcja-wzrokowa-karty-pracy.zip\">Percepcja wzrokowa karty pracy -Pobierz<\/a><\/p>\n\n\n\n<p>Propozycje temat\u00f3w:<\/p>\n\n\n\n<ul class=\"wp-block-list\"><li>Tworzenie w\u0142a\u015bciwych warunk\u00f3w dla\n     rozwoju dziecka w rodzinie.<\/li><li>Organizowanie dziecku warunk\u00f3w do\n     nauki.<\/li><li>Mowa dziecka \u2013 zagadnienia\n     rozwojowe. Jak wspomaga\u0107 rozw\u00f3j mowy dziecka?<\/li><li>Gotowo\u015b\u0107 szkolna warunkiem\n     powodzenia w szkole.<\/li><li>Dostrzeganie i rozwijanie zdolno\u015bci\n     dziecka.<\/li><li>Wspieranie dziecka w pokonywaniu\n     trudno\u015bci.<\/li><li>Jak kszta\u0142towa\u0107 relacje z dzie\u0107mi?\n     Skuteczna komunikacja rodzic \u2013 dziecko.<\/li><li>Dobro wypiera z\u0142o \u2013 wychowanie do\n     odpowiedzialno\u015bci.<\/li><li>Grupa r\u00f3wie\u015bnicza, media, internet.<\/li><li>Korzystanie z medi\u00f3w\n     spo\u0142eczno\u015bciowych \u2013 kto? kiedy? po co?<\/li><li>Trudno\u015bci wychowawcze w okresie\n     dorastania \u2013 jak sobie z nimi radzi\u0107?<\/li><li>Alkohol, narkotyki, dopalacze,\n     nikotyna.<\/li><li>Promocja zdrowego stylu \u017cycia.<\/li><li>Przejawy i powody l\u0119k\u00f3w u\n     dzieci\/m\u0142odzie\u017cy.<\/li><li>Jak organizowa\u0107 prac\u0119 z\n     dzieckiem&nbsp; nadruchliwym, nadpobudliwym?<\/li><li>Dziecko z niepe\u0142nosprawno\u015bci\u0105 w\n     szkole.<\/li><li>Praca z dzieckiem ze specyficznymi\n     trudno\u015bciami w nauce.<\/li><li>Prawa i obowi\u0105zki&nbsp; ucznia.<\/li><\/ul>\n\n\n\n<p>Inne zg\u0142aszane tematy.<\/p>\n\n\n\n<p><strong>SZKO\u0141A DLA RODZIC\u00d3W<\/strong>&nbsp;\u2013 \u201eJak m\u00f3wi\u0107, \u017ceby dzieci\nnas s\u0142ucha\u0142y; jak s\u0142ucha\u0107, \u017ceby dzieci do nas m\u00f3wi\u0142y\u201d \u2013 warsztaty w poradni.<\/p>\n\n\n\n<p>Psychoedukacja i pedagogizacja rodzic\u00f3w (odbywa si\u0119\nzgodnie&nbsp; z zapotrzebowaniem plac\u00f3wek i rodzic\u00f3w) z zakresu rozwoju\nedukacji, wychowania dziecka i profilaktyki.<\/p>\n","protected":false},"excerpt":{"rendered":"<p>porady konsultacje wyk\u0142ady i prelekcje warsztaty terapia rodzin mediacje i interwencja kryzysowa dzia\u0142alno\u015b\u0107 informacyjno-szkoleniowa \u0106wiczenia &#8211; do pobrania Percepcja s\u0142uchowa karty pracy &#8211; Pobierz Ortografia-karty-pracy.zip-Pobierz Percepcja wzrokowa karty pracy -Pobierz Propozycje temat\u00f3w: Tworzenie w\u0142a\u015bciwych warunk\u00f3w dla rozwoju dziecka w rodzinie. Organizowanie dziecku warunk\u00f3w do nauki. Mowa dziecka \u2013 zagadnienia rozwojowe. Jak wspomaga\u0107 rozw\u00f3j mowy dziecka? &hellip; <\/p>\n<p class=\"link-more\"><a href=\"https:\/\/poradnialeczna.pl\/index.php\/rodzice\/\" class=\"more-link\">Czytaj dalej<span class=\"screen-reader-text\"> \u201eRodzice\u201d<\/span><\/a><\/p>\n","protected":false},"author":1,"featured_media":0,"parent":0,"menu_order":0,"comment_status":"closed","ping_status":"closed","template":"","meta":{"footnotes":""},"class_list":["post-353","page","type-page","status-publish","hentry"],"_links":{"self":[{"href":"https:\/\/poradnialeczna.pl\/index.php\/wp-json\/wp\/v2\/pages\/353","targetHints":{"allow":["GET"]}}],"collection":[{"href":"https:\/\/poradnialeczna.pl\/index.php\/wp-json\/wp\/v2\/pages"}],"about":[{"href":"https:\/\/poradnialeczna.pl\/index.php\/wp-json\/wp\/v2\/types\/page"}],"author":[{"embeddable":true,"href":"https:\/\/poradnialeczna.pl\/index.php\/wp-json\/wp\/v2\/users\/1"}],"replies":[{"embeddable":true,"href":"https:\/\/poradnialeczna.pl\/index.php\/wp-json\/wp\/v2\/comments?post=353"}],"version-history":[{"count":15,"href":"https:\/\/poradnialeczna.pl\/index.php\/wp-json\/wp\/v2\/pages\/353\/revisions"}],"predecessor-version":[{"id":718,"href":"https:\/\/poradnialeczna.pl\/index.php\/wp-json\/wp\/v2\/pages\/353\/revisions\/718"}],"wp:attachment":[{"href":"https:\/\/poradnialeczna.pl\/index.php\/wp-json\/wp\/v2\/media?parent=353"}],"curies":[{"name":"wp","href":"https:\/\/api.w.org\/{rel}","templated":true}]}}