{"id":322,"date":"2020-01-13T10:11:50","date_gmt":"2020-01-13T09:11:50","guid":{"rendered":"http:\/\/poradnialeczna.pl\/?page_id=322"},"modified":"2024-12-12T13:08:56","modified_gmt":"2024-12-12T12:08:56","slug":"o-nas","status":"publish","type":"page","link":"https:\/\/poradnialeczna.pl\/index.php\/o-nas\/","title":{"rendered":"O nas"},"content":{"rendered":"\n<p>Jeste\u015bmy plac\u00f3wk\u0105 o\u015bwiatow\u0105, dla kt\u00f3rej organem prowadz\u0105cym jest Powiat \u0141\u0119czy\u0144ski, a organem sprawuj\u0105cym nadz\u00f3r pedagogiczny Kuratorium O\u015bwiaty w Lublinie.<\/p>\n\n\n\n<p>Realizacj\u0105 zada\u0144 w Poradni zajmuje si\u0119 wyspecjalizowana kadra pedagogiczna, w sk\u0142ad kt\u00f3rej wchodz\u0105:<\/p>\n\n\n\n<ul class=\"wp-block-list\">\n<li>psycholodzy,<\/li>\n\n\n\n<li>pedagodzy,<\/li>\n\n\n\n<li>logopedzi,<\/li>\n\n\n\n<li>fizjoterapeuci.<\/li>\n<\/ul>\n\n\n\n<p>\u015awiadczymy pomoc dla dzieci, m\u0142odzie\u017cy, rodzic\u00f3w i nauczycieli, a tak\u017ce pomoc w zakresie wyboru kierunku kszta\u0142cenia i zawodu. Prowadzimy dzia\u0142alno\u015b\u0107 diagnostyczn\u0105, terapeutyczn\u0105, doradcz\u0105 i edukacyjn\u0105. Diagnozujemy trudno\u015bci dydaktyczne i emocjonalne. Wspieramy rodzic\u00f3w i nauczycieli w ich dzia\u0142aniach wychowawczych i dydaktycznych, wspomagamy przedszkola, szko\u0142y i plac\u00f3wki w zakresie realizacji zada\u0144 dydaktycznych, wychowawczych i opieku\u0144czych.<\/p>\n\n\n\n<p>Dla potrzeb prac zespo\u0142u orzekaj\u0105cego dzia\u0142aj\u0105cego w plac\u00f3wce zatrudniony jest r\u00f3wnie\u017c lekarz.<\/p>\n\n\n\n<p>Poradnia jest plac\u00f3wk\u0105 publiczn\u0105, prowadz\u0105c\u0105 dzia\u0142alno\u015b\u0107 na terenie obejmuj\u0105cym Powiat \u0141\u0119czy\u0144ski.<\/p>\n\n\n\n<p>Poradnia Psychologiczno \u2013 Pedagogiczna w \u0141\u0119cznej jest instytucj\u0105, kt\u00f3ra odpowiada na potrzeby spo\u0142ecze\u0144stwa lokalnego, plac\u00f3wk\u0105 przyjazn\u0105 dzieciom i m\u0142odzie\u017cy, wspieraj\u0105c\u0105 ich w pokonywaniu ogranicze\u0144, wynikaj\u0105cych z zaburze\u0144 rozwojowych i uwarunkowa\u0144 \u015brodowiskowych oraz umo\u017cliwiaj\u0105c\u0105 im wszechstronny rozw\u00f3j.<\/p>\n\n\n\n<p>R\u00f3wnocze\u015bnie jest miejscem dla &nbsp;rodzic\u00f3w, mog\u0105cych znale\u017a\u0107 tu rzeteln\u0105 i specjalistyczn\u0105 pomoc, dotycz\u0105c\u0105 wspomagania rozwoju i wychowania dzieci.<\/p>\n\n\n\n<p>Poradnia jest otwarta na potrzeby przedszkoli, szk\u00f3\u0142 i plac\u00f3wek o\u015bwiatowych. Podejmuje dzia\u0142ania wspieraj\u0105ce i wspomagaj\u0105ce poprzez dzia\u0142ania: profilaktyczne, wychowawcze i doradcze.<\/p>\n\n\n\n<p>Nasza plac\u00f3wka posiada uprawnienia do wydawania orzecze\u0144 o potrzebie kszta\u0142cenia specjalnego, o potrzebie zaj\u0119\u0107 rewalidacyjno \u2013 wychowawczych, o potrzebie indywidualnego obowi\u0105zkowego rocznego przygotowania przedszkolnego, o potrzebie indywidualnego nauczania dzieci i m\u0142odzie\u017cy, opinie o potrzebie wczesnego wspomagania rozwoju dziecka.<\/p>\n\n\n\n<p>Wydajemy r\u00f3wnie\u017c opinie w sprawach, m.in.:<\/p>\n\n\n\n<ul class=\"wp-block-list\">\n<li>wcze\u015bniejszego przyj\u0119cia dziecka do szko\u0142y podstawowej<\/li>\n\n\n\n<li>odroczenia rozpocz\u0119cia spe\u0142niania przez dziecko obowi\u0105zku szkolnego,<\/li>\n\n\n\n<li>gotowo\u015bci szkolnej dziecka spe\u0142niaj\u0105cego obowi\u0105zek rocznego przygotowania przedszkolnego<br>poza przedszkolem,<\/li>\n\n\n\n<li>zwolnienia ucznia z nauki drugiego j\u0119zyka obcego,<\/li>\n\n\n\n<li>obj\u0119cia ucznia nauk\u0105 w klasie terapeutycznej,<\/li>\n\n\n\n<li>dostosowania wymaga\u0144 edukacyjnych wynikaj\u0105cych z programu nauczania do<br>indywidualnych potrzeb edukacyjnych ucznia,<\/li>\n\n\n\n<li>dostosowania warunk\u00f3w i formy egzamin\u00f3w do indywidualnych potrzeb ucznia,<\/li>\n\n\n\n<li>udzielenie zezwolenia na indywidualny program lub tok nauki,<\/li>\n\n\n\n<li>obj\u0119cia dziecka pomoc\u0105 psychologiczno \u2013 pedagogiczn\u0105 w przedszkolu, szkole lub plac\u00f3wce.<\/li>\n\n\n\n<li>obj\u0119cia ucznia zindywidualizowan\u0105 \u015bcie\u017ck\u0105 kszta\u0142cenia,<\/li>\n<\/ul>\n\n\n\n<p>a tak\u017ce opinie w innych sprawach zwi\u0105zanych z kszta\u0142ceniem i wychowaniem dzieci<br>i m\u0142odzie\u017cy.<\/p>\n\n\n\n<p>Korzystanie z pomocy naszej Poradni jest dobrowolne i bezp\u0142atne.<\/p>\n\n\n\n<p>Podstaw\u0105 do podj\u0119cia post\u0119powania diagnostycznego, terapeutycznego jest zg\u0142oszenie z\u0142o\u017cone przez rodzic\u00f3w lub opiekun\u00f3w prawnych. O terminie badania decyduje kolejno\u015b\u0107 zg\u0142osze\u0144 \u2013 z wyj\u0105tkiem sytuacji wymagaj\u0105cych natychmiastowej interwencji i pomocy. Pomoc w formie indywidualnych porad i konsultacji udzielana jest na bie\u017c\u0105co, w godzinach pracy Poradni.<\/p>\n\n\n\n<p>Jeste\u015bmy instytucj\u0105 otwart\u0105 na wsp\u00f3\u0142prac\u0119.<\/p>\n\n\n\n<p>Zapraszamy do korzystania z naszej oferty!<\/p>\n","protected":false},"excerpt":{"rendered":"<p>Jeste\u015bmy plac\u00f3wk\u0105 o\u015bwiatow\u0105, dla kt\u00f3rej organem prowadz\u0105cym jest Powiat \u0141\u0119czy\u0144ski, a organem sprawuj\u0105cym nadz\u00f3r pedagogiczny Kuratorium O\u015bwiaty w Lublinie. Realizacj\u0105 zada\u0144 w Poradni zajmuje si\u0119 wyspecjalizowana kadra pedagogiczna, w sk\u0142ad kt\u00f3rej wchodz\u0105: \u015awiadczymy pomoc dla dzieci, m\u0142odzie\u017cy, rodzic\u00f3w i nauczycieli, a tak\u017ce pomoc w zakresie wyboru kierunku kszta\u0142cenia i zawodu. Prowadzimy dzia\u0142alno\u015b\u0107 diagnostyczn\u0105, terapeutyczn\u0105, doradcz\u0105 &hellip; <\/p>\n<p class=\"link-more\"><a href=\"https:\/\/poradnialeczna.pl\/index.php\/o-nas\/\" class=\"more-link\">Czytaj dalej<span class=\"screen-reader-text\"> \u201eO nas\u201d<\/span><\/a><\/p>\n","protected":false},"author":1,"featured_media":0,"parent":0,"menu_order":0,"comment_status":"closed","ping_status":"closed","template":"","meta":{"footnotes":""},"class_list":["post-322","page","type-page","status-publish","hentry"],"_links":{"self":[{"href":"https:\/\/poradnialeczna.pl\/index.php\/wp-json\/wp\/v2\/pages\/322","targetHints":{"allow":["GET"]}}],"collection":[{"href":"https:\/\/poradnialeczna.pl\/index.php\/wp-json\/wp\/v2\/pages"}],"about":[{"href":"https:\/\/poradnialeczna.pl\/index.php\/wp-json\/wp\/v2\/types\/page"}],"author":[{"embeddable":true,"href":"https:\/\/poradnialeczna.pl\/index.php\/wp-json\/wp\/v2\/users\/1"}],"replies":[{"embeddable":true,"href":"https:\/\/poradnialeczna.pl\/index.php\/wp-json\/wp\/v2\/comments?post=322"}],"version-history":[{"count":8,"href":"https:\/\/poradnialeczna.pl\/index.php\/wp-json\/wp\/v2\/pages\/322\/revisions"}],"predecessor-version":[{"id":857,"href":"https:\/\/poradnialeczna.pl\/index.php\/wp-json\/wp\/v2\/pages\/322\/revisions\/857"}],"wp:attachment":[{"href":"https:\/\/poradnialeczna.pl\/index.php\/wp-json\/wp\/v2\/media?parent=322"}],"curies":[{"name":"wp","href":"https:\/\/api.w.org\/{rel}","templated":true}]}}