{"id":319,"date":"2020-01-07T15:00:13","date_gmt":"2020-01-07T14:00:13","guid":{"rendered":"http:\/\/poradnialeczna.pl\/?page_id=319"},"modified":"2026-03-20T14:42:24","modified_gmt":"2026-03-20T13:42:24","slug":"rodo","status":"publish","type":"page","link":"https:\/\/poradnialeczna.pl\/index.php\/rodo\/","title":{"rendered":"RODO"},"content":{"rendered":"\n<p><strong>Klauzula informacyjna<\/strong><\/p>\n\n\n\n<p>Na podstawie z art. 13&nbsp; Rozporz\u0105dzenia Parlamentu Europejskiego i Rady (UE) 2016\/679&nbsp; z &nbsp;dnia 27 kwietnia 2016 r. (Dz. Urz. UE L 119 z 04.05.2016)&nbsp; w sprawie ochrony os\u00f3b fizycznych w zwi\u0105zku z przetwarzaniem danych osobowych i w sprawie swobodnego przep\u0142ywu takich danych oraz uchylenia dyrektywy 95\/46\/WE dalej jako \u201eRODO\u201d informuj\u0119, i\u017c:<\/p>\n\n\n\n<ol class=\"wp-block-list\">\n<li>Administratorem danych osobowych przetwarzanych w Poradni Psychologiczno-Pedagogicznej jest\u00a0 Dyrektor Poradni Psychologiczno\u2013Pedagogicznej z siedzib\u0105 przy Al. Jana Paw\u0142a II 95,\u00a0 21-010 \u0141\u0119czna, adres e-mail: <a href=\"mailto:ppp@ppp.powiatleczynski.pl\">ppp@ppp.powiatleczynski.pl<\/a>, numer tel. 81\u00a0531 53 35, 81\u00a0531 53 37.<\/li>\n\n\n\n<li>W sprawach zwi\u0105zanych z ochron\u0105 swoich danych osobowych mo\u017ce Pani\/Pan kontaktowa\u0107 si\u0119 z Inspektorem Ochrony Danych Pani\u0105 Paulin\u0105 Jasku\u0142eck\u0105-Saba, tel. 81 531 52 85 za pomoc\u0105 adresu e-mail: <a href=\"mailto:inspektor@powiatleczynski.pl\">inspektor@powiatleczynski.pl<\/a><\/li>\n\n\n\n<li>Celem przetwarzania danych osobowych przez Poradni\u0119 jest wype\u0142nianie obowi\u0105zk\u00f3w publicznych na\u0142o\u017conych przepisami prawa. W przypadku danych osobowych uczni\u00f3w jest to przede wszystkim realizacja zada\u0144 o\u015bwiatowych, dydaktycznych<br>i wychowawczych, w celu zapewnienia wsparcia uczni\u00f3w w zakresie rozwoju<br>i efektywno\u015bci uczenia si\u0119, udzielania pomocy psychologiczno \u2013 pedagogicznej oraz prowadzenia wymaganej przepisami dokumentacji i jej archiwizacji.<\/li>\n\n\n\n<li>W ramach wykonywania ustawowych obowi\u0105zk\u00f3w Poradnia przetwarza dane osobowe uczni\u00f3w, ich rodzic\u00f3w lub opiekun\u00f3w prawnych na podstawie art. 6 ust. 1 lit. c) lub art. 9 ust. 2 lit. g) RODO, czyli wype\u0142nienia przez szko\u0142\u0119 obowi\u0105zku, w \u015bci\u015ble okre\u015blonych celach oraz zakresie, na podstawie konkretnych przepis\u00f3w prawa. Przepisy te znajduj\u0105 si\u0119 przede wszystkim w ustawie &#8211; Prawo o\u015bwiatowe, ustawy o systemie o\u015bwiaty, ustawy o systemie informacji o\u015bwiatowej, Rozporz\u0105dzenia Ministra Edukacji Narodowej<br>w sprawie sposobu prowadzenia przez publiczne przedszkola, szko\u0142y i plac\u00f3wki dokumentacji przebiegu nauczania, dzia\u0142alno\u015b\u0107 ci wychowawczej i opieku\u0144czej oraz rodzaj\u00f3w tej dokumentacji, rozporz\u0105dzeniem MEN z dnia 9 sierpnia 2017 r. z dnia<br>9 sierpnia 2017 r. w sprawie zasad organizacji i udzielania pomocy psychologiczno-pedagogicznej w publicznych przedszkolach, szko\u0142ach i plac\u00f3wkach.<\/li>\n<\/ol>\n\n\n\n<p>W niekt\u00f3rych przypadkach podstaw\u0105 przetwarzania danych osobowych uczni\u00f3w, ich rodzic\u00f3w lub opiekun\u00f3w prawnych jest zgoda tj. art. 6 ust. 1 a) lub art. 9 ust. 2 lit. a) RODO. Zgoda taka mo\u017ce dotyczy\u0107 np. przetwarzania danych osobowych w zakresie wizerunku.<\/p>\n\n\n\n<ul class=\"wp-block-list\">\n<li>Poradnia nie przekazuje danych osobowych do pa\u0144stw trzecich i organizacji mi\u0119dzynarodowych, chyba \u017ce pozyska na to odpowiedni\u0105 zgod\u0119.<\/li>\n\n\n\n<li>Poradnia b\u0119dzie udost\u0119pnia\u0107 dane osobowe, je\u015bli b\u0119dzie si\u0119 to wi\u0105za\u0142o z realizacj\u0105 uprawnienia b\u0105d\u017a obowi\u0105zku wynikaj\u0105cego z przepisu prawa.<\/li>\n\n\n\n<li>Dane osobowe b\u0119d\u0105 przetwarzane przez okres niezb\u0119dny dla wykonywania zada\u0144 ustawowych i statutowych.<\/li>\n\n\n\n<li>Ma Pan\/Pani prawo:<\/li>\n\n\n\n<li>dost\u0119pu do swoich danych osobowych,<\/li>\n\n\n\n<li>sprostowania nieprawid\u0142owych danych,<\/li>\n\n\n\n<li>\u017c\u0105dania usuni\u0119cia danych,<\/li>\n\n\n\n<li>\u017c\u0105dania ograniczenia przetwarzania danych,<\/li>\n\n\n\n<li>wniesienia sprzeciwu wobec przetwarzania danych,<\/li>\n\n\n\n<li>przenoszenia dostarczonych danych, przetwarzanych w spos\u00f3b zautomatyzowany na zasadach przewidzianych w art. 20 RODO,<\/li>\n\n\n\n<li>Pani\/Pana dane osobowe przetwarzamy na podstawie zgody. Udzielona zgoda mo\u017ce zosta\u0107 wycofana przez Pani\u0105\/Pana w dowolnym momencie.<\/li>\n\n\n\n<li>Ma Pan\/Pani prawo z\u0142o\u017cenia skargi na niezgodne z prawem przetwarzanie danych osobowych do Prezesa Urz\u0119du Ochrony Danych Osobowych, ul. Stawki 2,<br>00-193 Warszawa.<\/li>\n\n\n\n<li>Dane osobowe nie b\u0119d\u0105 podlegaj\u0105 profilowaniu ani zautomatyzowanemu podejmowaniu decyzji.<\/li>\n<\/ul>\n\n\n\n<div class=\"wp-block-file\"><a id=\"wp-block-file--media-4a13470b-5201-43a2-96b4-f56ba1d56309\" href=\"https:\/\/poradnialeczna.pl\/wp-content\/uploads\/2026\/03\/Klauzula-informacyjna.pdf\">Klauzula informacyjna<\/a><a href=\"https:\/\/poradnialeczna.pl\/wp-content\/uploads\/2026\/03\/Klauzula-informacyjna.pdf\" class=\"wp-block-file__button wp-element-button\" download aria-describedby=\"wp-block-file--media-4a13470b-5201-43a2-96b4-f56ba1d56309\">Pobierz<\/a><\/div>\n","protected":false},"excerpt":{"rendered":"<p>Klauzula informacyjna Na podstawie z art. 13&nbsp; Rozporz\u0105dzenia Parlamentu Europejskiego i Rady (UE) 2016\/679&nbsp; z &nbsp;dnia 27 kwietnia 2016 r. (Dz. Urz. UE L 119 z 04.05.2016)&nbsp; w sprawie ochrony os\u00f3b fizycznych w zwi\u0105zku z przetwarzaniem danych osobowych i w sprawie swobodnego przep\u0142ywu takich danych oraz uchylenia dyrektywy 95\/46\/WE dalej jako \u201eRODO\u201d informuj\u0119, i\u017c: W &hellip; <\/p>\n<p class=\"link-more\"><a href=\"https:\/\/poradnialeczna.pl\/index.php\/rodo\/\" class=\"more-link\">Czytaj dalej<span class=\"screen-reader-text\"> \u201eRODO\u201d<\/span><\/a><\/p>\n","protected":false},"author":1,"featured_media":0,"parent":0,"menu_order":0,"comment_status":"closed","ping_status":"closed","template":"","meta":{"footnotes":""},"class_list":["post-319","page","type-page","status-publish","hentry"],"_links":{"self":[{"href":"https:\/\/poradnialeczna.pl\/index.php\/wp-json\/wp\/v2\/pages\/319","targetHints":{"allow":["GET"]}}],"collection":[{"href":"https:\/\/poradnialeczna.pl\/index.php\/wp-json\/wp\/v2\/pages"}],"about":[{"href":"https:\/\/poradnialeczna.pl\/index.php\/wp-json\/wp\/v2\/types\/page"}],"author":[{"embeddable":true,"href":"https:\/\/poradnialeczna.pl\/index.php\/wp-json\/wp\/v2\/users\/1"}],"replies":[{"embeddable":true,"href":"https:\/\/poradnialeczna.pl\/index.php\/wp-json\/wp\/v2\/comments?post=319"}],"version-history":[{"count":4,"href":"https:\/\/poradnialeczna.pl\/index.php\/wp-json\/wp\/v2\/pages\/319\/revisions"}],"predecessor-version":[{"id":1779,"href":"https:\/\/poradnialeczna.pl\/index.php\/wp-json\/wp\/v2\/pages\/319\/revisions\/1779"}],"wp:attachment":[{"href":"https:\/\/poradnialeczna.pl\/index.php\/wp-json\/wp\/v2\/media?parent=319"}],"curies":[{"name":"wp","href":"https:\/\/api.w.org\/{rel}","templated":true}]}}